{"id":142,"date":"2017-11-22T12:33:02","date_gmt":"2017-11-22T12:33:02","guid":{"rendered":"https:\/\/gamma.lgs.lu\/?page_id=142"},"modified":"2018-11-22T14:48:38","modified_gmt":"2018-11-22T14:48:38","slug":"ween-sinn-mir","status":"publish","type":"page","link":"https:\/\/gamma.lgs.lu\/?page_id=142","title":{"rendered":"Ween sinn mir?"},"content":{"rendered":"<p>[et_pb_section fb_built=&#8220;1&#8243; _builder_version=&#8220;3.0.89&#8243; background_color=&#8220;#0c71c3&#8243; custom_padding=&#8220;54px|283px|0|85px|false|false&#8220;][et_pb_row custom_padding=&#8220;0|0px|0|59px|false|false&#8220; _builder_version=&#8220;3.0.89&#8243;][et_pb_column type=&#8220;4_4&#8243; _builder_version=&#8220;3.0.47&#8243; parallax=&#8220;off&#8220; parallax_method=&#8220;on&#8220;][et_pb_text _builder_version=&#8220;3.0.89&#8243; text_font_size=&#8220;15px&#8220; text_font_size_last_edited=&#8220;on|&#8220; text_letter_spacing=&#8220;1px&#8220; text_line_height=&#8220;2em&#8220; border_radii=&#8220;|0px|0px|0px|0px&#8220; border_width_all=&#8220;10px&#8220; border_color_all=&#8220;#0c71c3&#8243; border_style_all=&#8220;none&#8220; text_orientation=&#8220;justified&#8220; module_alignment=&#8220;left&#8220; animation_style=&#8220;slide&#8220; inline_fonts=&#8220;Alice&#8220;]<\/p>\n<h4><\/h4>\n<p>\u00a0<span style=\"color: #ffffff; font-family: Alice; font-size: 30px;\">Wie si mir?<\/span><\/p>\n<h4><span style=\"color: #ffffff; font-family: Alice; font-weight: normal;\">De Grupp Pierre d&#8217;Aspelt L\u00ebtzebuerg g\u00ebtt et z\u00ebnter 1968. Laang Z\u00e4it hate mer just W\u00ebllefcher, mee s\u00e4it 1987 och AvEx.<\/span><\/h4>\n<h4><span style=\"color: #ffffff; font-family: Alice; font-weight: normal;\">Z\u00ebnter 2009 ass d&#8217;Marie Deg\u00e9e eise Gruppechef an de Marc Molitor, genannt Mini, eise Gruppechef adjoint.<\/span><\/h4>\n<h4><span style=\"color: #ffffff; font-family: Alice; font-weight: normal;\"><\/span><\/h4>\n<h4><span style=\"color: #ffffff; font-family: Alice; font-weight: normal;\">De Mini ass Akela bei de W\u00ebllefcher. <\/span><\/h4>\n<h4><span style=\"color: #ffffff; font-family: Alice; font-weight: normal;\">Truppechef bei den AvEx as z\u00ebnter 2016 d&#8217;Emilie Deg\u00e9e.<\/span><\/h4>\n<h4><span style=\"color: #ffffff; font-family: Alice; font-weight: normal;\"><\/span><\/h4>\n<h4><span style=\"color: #ffffff; font-family: Alice; font-weight: normal;\">Eemol d&#8217;Joer hunn d&#8217;W\u00ebllef an d&#8217;AvEx eng gemeinsam Aktivit\u00e9it. Dat ass de sougenannte &#8222;Mont\u00e9esweekend&#8220; op deem d&#8217;W\u00ebllef, d\u00e9i 14 Joer al goufe, bei d&#8217;AVEX eropkommen.<\/span><\/h4>\n<h4><span style=\"color: #ffffff; font-family: Alice; font-weight: normal;\">Mir hu momentan 8 W\u00ebllefcher an 18 AvEx.<\/span><\/h4>\n<p><span style=\"color: #ffffff; font-family: Alice; font-weight: normal;\"><\/span><\/p>\n<p>[\/et_pb_text][\/et_pb_column][\/et_pb_row][\/et_pb_section][et_pb_section fb_built=&#8220;1&#8243; _builder_version=&#8220;3.17.6&#8243; custom_padding=&#8220;32px|0px|54px|0px|false|false&#8220;][et_pb_row custom_padding=&#8220;56px|0px|27px|0px|false|false&#8220; _builder_version=&#8220;3.17.6&#8243;][et_pb_column type=&#8220;4_4&#8243; _builder_version=&#8220;3.17.6&#8243; parallax=&#8220;off&#8220; parallax_method=&#8220;on&#8220;][et_pb_text _builder_version=&#8220;3.17.6&#8243;]<\/p>\n<h1>Hei eisen aktuellen Depliant:<\/h1>\n<p>Clickt op d&#8217;Foto fir de ganzen Inhalt ze gesinn<\/p>\n<p>[\/et_pb_text][\/et_pb_column][\/et_pb_row][et_pb_row custom_padding=&#8220;0|0px|27px|0px|false|false&#8220; _builder_version=&#8220;3.17.6&#8243;][et_pb_column type=&#8220;4_4&#8243; _builder_version=&#8220;3.17.6&#8243; parallax=&#8220;off&#8220; parallax_method=&#8220;on&#8220;][et_pb_gallery gallery_ids=&#8220;315,316,318,317,319,320&#8243; posts_number=&#8220;6&#8243; db_image_row_spacing=&#8220;5&#8243; db_image_object_fit=&#8220;initial&#8220; orientation=&#8220;portrait&#8220; show_title_and_caption=&#8220;off&#8220; show_pagination=&#8220;off&#8220; _builder_version=&#8220;3.17.6&#8243; caption_font=&#8220;||||||||&#8220; box_shadow_style_image=&#8220;preset2&#8243;][\/et_pb_gallery][\/et_pb_column][\/et_pb_row][\/et_pb_section]<\/p>\n","protected":false},"excerpt":{"rendered":"<p>\u00a0Wie si mir? De Grupp Pierre d&#8217;Aspelt L\u00ebtzebuerg g\u00ebtt et z\u00ebnter 1968. Laang Z\u00e4it hate mer just W\u00ebllefcher, mee s\u00e4it 1987 och AvEx. Z\u00ebnter 2009 ass d&#8217;Marie Deg\u00e9e eise Gruppechef an de Marc Molitor, genannt Mini, eise Gruppechef adjoint. De Mini ass Akela bei de W\u00ebllefcher. Truppechef bei den AvEx as z\u00ebnter 2016 d&#8217;Emilie Deg\u00e9e. [&hellip;]<\/p>\n","protected":false},"author":2,"featured_media":0,"parent":134,"menu_order":0,"comment_status":"closed","ping_status":"closed","template":"","meta":{"_et_pb_use_builder":"on","_et_pb_old_content":"<p>De Grupp Pierre d'Aspelt L\u00ebtzebuerg g\u00ebtt et z\u00ebnter 1968. Laang Z\u00e4it hate mer just W\u00ebllefcher, mee s\u00e4it 1987 och AvEx.<\/p><p>Z\u00ebnter 2009 ass d'Marie DEGEE eise Gruppechef an de Marc MOLITOR, genannt Mini, eise Gruppechef adjoint.<\/p><p>De Mini ass Akela bei de W\u00ebllefcher. Truppechef bei den AvEx as z\u00ebnter 2007 d'C\u00e9cile DEGEE.<\/p><p>Eemol d'Joer hunn d'W\u00ebllef an d'AvEx eng gemeinsam Aktivit\u00e9it. Dat ass de sougenannte \"Mont\u00e9esweekend\" op deem d'W\u00ebllef, d\u00e9i 14 Joer al goufe, bei d'AVEX eropkommen.<\/p><p>Mir hu momentan 8 W\u00ebllefcher an 18 AvEx.<\/p><p>Fir Weekender ze organis\u00e9ieren an ze encadr\u00e9ieren si bei de W\u00ebllefcher 5 Chefs\/taines a bei den AvEx 8 Chefs\/taines. Vun deenen 13 Chefs\/taines hunn der 11 eng g\u00fclteg Scouts-Chefformatioun. D\u00ebs Chefe organis\u00e9ieren d'Aktivit\u00e9ite w\u00e4hrend hirer Fr\u00e4iz\u00e4it a ginn net, w\u00e9i oft ugeholl, fir hir Benevol Aarbecht bezuelt.<\/p>","_et_gb_content_width":"","advanced_seo_description":"","jetpack_seo_html_title":"","jetpack_seo_noindex":false,"footnotes":""},"class_list":["post-142","page","type-page","status-publish","hentry"],"jetpack_sharing_enabled":true,"jetpack_shortlink":"https:\/\/wp.me\/P9x6Ys-2i","jetpack_likes_enabled":true,"jetpack-related-posts":[],"_links":{"self":[{"href":"https:\/\/gamma.lgs.lu\/index.php?rest_route=\/wp\/v2\/pages\/142","targetHints":{"allow":["GET"]}}],"collection":[{"href":"https:\/\/gamma.lgs.lu\/index.php?rest_route=\/wp\/v2\/pages"}],"about":[{"href":"https:\/\/gamma.lgs.lu\/index.php?rest_route=\/wp\/v2\/types\/page"}],"author":[{"embeddable":true,"href":"https:\/\/gamma.lgs.lu\/index.php?rest_route=\/wp\/v2\/users\/2"}],"replies":[{"embeddable":true,"href":"https:\/\/gamma.lgs.lu\/index.php?rest_route=%2Fwp%2Fv2%2Fcomments&post=142"}],"version-history":[{"count":9,"href":"https:\/\/gamma.lgs.lu\/index.php?rest_route=\/wp\/v2\/pages\/142\/revisions"}],"predecessor-version":[{"id":328,"href":"https:\/\/gamma.lgs.lu\/index.php?rest_route=\/wp\/v2\/pages\/142\/revisions\/328"}],"up":[{"embeddable":true,"href":"https:\/\/gamma.lgs.lu\/index.php?rest_route=\/wp\/v2\/pages\/134"}],"wp:attachment":[{"href":"https:\/\/gamma.lgs.lu\/index.php?rest_route=%2Fwp%2Fv2%2Fmedia&parent=142"}],"curies":[{"name":"wp","href":"https:\/\/api.w.org\/{rel}","templated":true}]}}